 - 3*s - k = 0. What are the prime factors of i?
23
Let r(j) = 5*j - 3. Let d be r(-5). Let t be d/(-10) - (-5)/25. Suppose 7 = 2*a - a + m, 0 = -t*a + 5*m - 11. List the prime factors of a.
3
Let h(p) be the first derivative of -5*p**4/2 - p**3/3 - p**2/2 - 1. Suppose -2 + 4 = -2*y. List the prime factors of h(y).
2, 5
Let v(c) = 2*c**2 + c - 2. Let q be v(-2). Suppose 5*j + 3*x - 1 = 0, 2*j + q = -2*j - 4*x. List the prime factors of j.
2
Let g(v) = -v - 9. Let w be g(-12). Suppose w*r - 4*r + 42 = 0. What are the prime factors of r?
2, 3, 7
Let c(y) = 5*y**3 - 8*y**2 + 9*y - 3. List the prime factors of c(4).
3, 5
Let q(w) = w**3 + 7*w**2 - 9*w - 2. Let i be (-2)/(-4) + (-34)/4. Let z be q(i). List the prime factors of (-34)/(-2) - (z + -7).
2, 3
Suppose 0 = -3*x - 2*x + 25. List the prime factors of x.
5
Let v = -20 - -3. Let g = -3 - v. List the prime factors of g.
2, 7
Let w be 15/1*4/12. Suppose -2*l - 22 = -i, w*i - 32 - 6 = 2*l. Let m = -3 - l. List the prime factors of m.
2, 3
Let l be 0 + (-1 - 1 - -44). Let d(b) = -b**2 - 4*b + 1. Let q be d(-3). Suppose -5*s + 54 = q*n, 4*s + 6*n - 4*n = l. List the prime factors of s.
2, 5
Let j = -2 + 4. Let x be 0*(12/8)/3 - -5. Suppose 2*l - 2*q + j = -0*l, q = x. List the prime factors of l.
2
Let t(a) = -a + 4. Let n(h) = 2*h + 12. Let q be n(-8). List the prime factors of t(q).
2
Let w(p) = -p**3 - 3*p**2 + 5*p + 3. Let o be w(-4). Let f = 3 + o. Let t = 4 - f. What are the prime factors of t?
2
Suppose -4*c - 16 - 2 = -z, 0 = 2*z - 4*c - 20. Suppose -z*o = -2 + 74. Let g = o + 57. What are the prime factors of g?
3, 7
Let v be ((-9)/6*2)/1. Let w = 8 + v. Suppose w*n - n = 48. What are the prime factors of n?
2, 3
Let f(z) = -z**3 + 6*z**2 - 4*z - 1. Suppose 16 = s + 3*s. What are the prime factors of f(s)?
3, 5
Let z(s) = -s**2 + 5*s + 8. Let b(d) = d**2 - 4*d - 5. Let t be b(6). Let y be z(t). Let i(w) = -w**3 - 5*w**2 + 5*w - 4. List the prime factors of i(y).
2
Suppose r = 6*r - 15. Let n(f) = 6 - 2*f**2 + 2*f**3 - 2 - f**3. What are the prime factors of n(r)?
13
Let k(m) = m**2 - 7*m - 1. List the prime factors of k(9).
17
What are the prime factors of (-4 + 165/10)/(2/32)?
2, 5
Let p be -2 - -4 - 2 - -1. Let d be (1*-3*-1)/p. Let x(q) = -q**2 + 4*q - 1. List the prime factors of x(d).
2
Let h(v) = -v**3 + 8*v**2 + v. Let m be h(8). Suppose 2 = 5*y + 4*k, 2*y - 4*k - m = 4. What are the prime factors of y?
2
Let h(u) = -u**3 + 9*u**2 - 8*u - 10. Let s be h(7). Let m = s - 12. Let q = -12 + m. What are the prime factors of q?
2
Suppose -6*i + i + 2*k + 543 = 0, -2*k + 2 = 0. What are the prime factors of i?
109
Suppose 4*j + 196 = 6*j. List the prime factors of j.
2, 7
Let q = -2 + -5. Suppose 75 = -2*c - 3*c. Let j = q - c. List the prime factors of j.
2
Let a be -8*6/8*1. Let c(h) = -h**3 - 4*h**2 + 8*h - 3. What are the prime factors of c(a)?
3, 7
Let i(m) = 1. Let p(o) = -2*o + 3. Let q(w) = 4*i(w) + p(w). What are the prime factors of q(-6)?
19
Let h(s) = -s**2 + 8*s + 12. Let v be h(9). Suppose v*d = p - 20, -4*p + 11 = -4*d - 29. What are the prime factors of 6/d*(-105)/14?
3
Let d(q) be the second derivative of -1/2*q**3 + 0 + q**2 + 1/12*q**4 + 3*q. List the prime factors of d(3).
2
Let m(w) = -5*w - 2. Let i(q) = -q - 3. Let s be i(0). What are the prime factors of m(s)?
13
Let c(u) = -u**3 + 5*u**2 - u - 1. Suppose -4*g = -g - 12. What are the prime factors of c(g)?
11
Let q = 10 + -22. Let d = 29 + q. Suppose 2*j = d + 3. What are the prime factors of j?
2, 5
Suppose 145 = 5*d + g - 105, -5*g - 25 = 0. List the prime factors of d.
3, 17
Let l(j) = j**3 + 12*j**2 - j - 6. What are the prime factors of l(-12)?
2, 3
Let i = -15 - -21. Let q be (2/4)/((-3)/i). Let k = q + 14. List the prime factors of k.
13
Let u be 4/10 + 26/10. Suppose m - u*n - 19 = 0, 4*n = -m + 14 - 2. List the prime factors of m.
2
Let w(n) = 8*n - 45. List the prime factors of w(11).
43
Let p(i) = i - 11. Let a be p(6). Let j be (0 + 0 - -1) + 0. Let f = j - a. List the prime factors of f.
2, 3
Suppose -j = -3 + 8. Let n(p) = -5*p - 12. What are the prime factors of n(j)?
13
Suppose w = -4, 2*w = 5*g - 2*w - 86. What are the prime factors of 4/(-28) - (-114)/g?
2
Suppose 17 = -4*p + 85. List the prime factors of p.
17
Let b(q) = -5*q - 14. List the prime factors of b(-14).
2, 7
Suppose 4*q + 20 = 4*m, 0*q + q + 14 = 4*m. Suppose 0 = -b - m*b. Let g = b + 11. What are the prime factors of g?
11
Let x(w) = 0*w**3 - w - 2*w**3 + 1 - w**2 + 3*w**3. Let p be x(1). Suppose p = -3*m + m + 32. List the prime factors of m.
2
Let t be 3/(-3) - -1*4. Suppose 6 = -2*j, j + 157 = 5*b - t*j. List the prime factors of b.
29
Suppose 2*k + 32 = -4*f, 0 = 3*f + 4*k + k + 24. Let u = 10 + f. Suppose 4*x + 4*c - 96 = 0, -2*c = -u*x + c + 23. List the prime factors of x.
19
Suppose 5*h - 256 = 294. What are the prime factors of h?
2, 5, 11
Let b(z) = 3 - 3*z**2 - 3*z**3 + 2*z**3 - z - 2 - 2. Suppose 0 = 5*h + 4 + 11. List the prime factors of b(h).
2
Suppose -26 + 2 = 2*u. Let q = u + 17. What are the prime factors of q?
5
Let f = 346 + -208. What are the prime factors of f?
2, 3, 23
What are the prime factors of 9*1*(-3 - -6)?
3
Let i = -46 + 94. Suppose -11 = b - q + 18, -2*b - q = 61. Let v = b + i. What are the prime factors of v?
2, 3
Let d = 7 + -2. Let b(v) = v + 4. List the prime factors of b(d).
3
Let t = -1 - -87. What are the prime factors of t?
2, 43
Let y(k) = 2*k**2 - 5*k + 5. What are the prime factors of y(6)?
47
Let c(t) = -t**2 + 8*t - 5. List the prime factors of c(5).
2, 5
Suppose -m - 2*m = -15. Suppose 2*x - m - 19 = 0. List the prime factors of x.
2, 3
Let o = -57 + 100. What are the prime factors of o?
43
Let i be (-10)/(-4)*12/10. Let g be 3 + 6/i - 2. Suppose -2*d + 21 = -w, -5*d - g*w = -10*d + 55. What are the prime factors of d?
2
Let w(h) = -h**3 - 22*h**2 - h + 8. List the prime factors of w(-22).
2, 3, 5
Let h = 4 - -177. What are the prime factors of h?
181
Suppose 2*z = 3*z - 57. What are the prime factors of z?
3, 19
Suppose -8 - 4 = 5*y - 2*z, -y + 2*z = -4. Let x be (-12)/8*y/3. Suppose -x*d - t = -23, d + 3*t - 25 = -2*t. What are the prime factors of d?
2, 5
Let m(c) = 7*c**2 - 9*c - 35. List the prime factors of m(-6).
271
Suppose a = -4*a + 20. Let z(l) = -l**2 + 7*l + 2. Let x be z(7). Suppose -19 = a*w - w - 5*t, -x*w - 2*t + 14 = 0. What are the prime factors of w?
2
Suppose -9*s = -149 - 319. List the prime factors of s.
2, 13
Let a = -24 + 164. What are the prime factors of a?
2, 5, 7
Let s(g) = -g**3 + 12*g**2 - g + 12. Let i be s(12). Suppose u + 4*y + 48 = -i, 0 = 4*y. Let f = -34 - u. List the prime factors of f.
2, 7
Suppose -22 = 3*o - 1. Let t = o + -17. Let k = 43 + t. What are the prime factors of k?
19
Let g = -208 - -446. What are the prime factors of g?
2, 7, 17
Let d be 4/18 - (-4)/(-18). Suppose 4*i = 5*w - 13, 4*w - 15 = 4*i - 7. Suppose -4*m + i + 21 = d. List the prime factors of m.
2, 3
Suppose -2*b + 5*b + 15 = 0. List the prime factors of b/(-4)*6*2.
3, 5
Suppose -135 = -55*j + 52*j. List the prime factors of j.
3, 5
Suppose 3*w - n = 4*n + 65, 33 = 3*w + 3*n. Let g = w - 5. Suppose 0 = -2*o + 7*o - g. What are the prime factors of o?
2
Let v(a) = 16*a - 42. What are the prime factors of v(6)?
2, 3
Suppose 3*q - 9 - 48 = 0. Suppose 3*v - a = v + q, -5*a = -5*v + 50. What are the prime factors of v?
3
Suppose 0 = 42*p - 38*p - 1084. What are the prime factors of p?
271
Suppose 4*y = 1272 - 420. List the prime factors of y.
3, 71
List the prime factors of 2*(1 + 13 + -3).
2, 11
Suppose d + 2*o = -9, -5*o - 19 = -0*d - d. List the prime factors of 13 + (d + 0)*-1.
2, 7
Let v(h) = -2*h + 13. List the prime factors of v(0).
13
Let z = -1 - -2. List the prime factors of (13 - z)*5/10.
2, 3
Suppose -4*s = -5*s + 168. List the prime factors of s.
2, 3, 7
Suppose -8*n = n - 432. What are the prime factors of n?
2, 3
Let l(w) = -9*w - 4. Let r(g) = 13*g + 6. Let z(a) = 8*l(a) + 5*r(a). What are the prime factors of z(-3)?
19
Let r = -17 - -8. Let s be 1 - 3/(r/24). Let x = s + -6. List the prime factors of x.
3
Suppose 0 = -k + 4*k - 3*q - 138, -2*k + 5*q = -86. Suppose 34 = f - 4*y, 0*y + 3*y + k = 2*f. List the prime factors of f.
2, 3
Suppose q + 25 = 6*q. Suppo